e of i(z). What are the prime factors of q(2)?
2, 41
Let o(g) = -g**3 + 17*g**2 + g - 11. Suppose 0*m = m + f - 14, -100 = -5*m + 5*f. Let w be o(m). List the prime factors of 3/w - 271/(-2).
2, 17
Let g be 6/8 - (-6)/72*87. Suppose -g = 4*p, -r + 4*r - 3*p = 678. What are the prime factors of r?
2, 7
Suppose 85 + 245 = -h. Let n = 350 + h. List the prime factors of n.
2, 5
Let a = -1738 + 5023. List the prime factors of a.
3, 5, 73
Let a(l) = -2083*l**3 + 91*l + 174. List the prime factors of a(-2).
2, 3, 347
Let k = -99 - -114. List the prime factors of (-20230)/(-50) - (-6)/k.
3, 5
Suppose 0 = -336*x + 317*x + 92549. What are the prime factors of x?
4871
Suppose -p - 3*w + 2581 = 0, 2*p - 3*w = -p + 7791. What are the prime factors of p?
2593
Let g = -187 + 192. Suppose -i + 2*s = -133, g*s = 2*i - 75 - 188. List the prime factors of i.
139
Suppose 0 = 4*s + 3*o - 26310, 5*s - 32897 = -0*s + o. What are the prime factors of s?
3, 17, 43
Suppose -2*h = 5*n - 447, -14*n + 9*n = -h + 201. Suppose 0 = 2*r - h + 26. What are the prime factors of r?
5, 19
Suppose -49928 = -4*j + 4*b, b = -5*j + 6504 + 55864. What are the prime factors of j?
5, 499
Let h = 86 + -80. Suppose 2683 = 2*p - h*q + 3*q, 5*q = -3*p + 4015. What are the prime factors of p?
2, 5, 67
Suppose -4*d = -3*l - 70375, 2*d + 8854 = 3*l + 44037. What are the prime factors of d?
2, 53, 83
Suppose 0 = -3*y + 5*d + 43, y - 2*d + 50 = 4*y. Let p be ((-7)/(-2))/(y/64). Let b = p + 106. What are the prime factors of b?
2, 3, 5
Suppose 5*v = -4*d + 2303, 26*v = -2*d + 30*v + 1158. What are the prime factors of d?
577
List the prime factors of (27/6)/((-186)/248)*-286.
2, 3, 11, 13
Let u(f) = 45*f**3 + 5*f**2 - 18*f - 51. What are the prime factors of u(8)?
5, 41, 113
Suppose -10 = -3*g - 4. List the prime factors of (g + -5)*-331 - -4.
997
Let m be (4/12)/((-4)/204). Let r = 25 + m. Let f = 100 + r. List the prime factors of f.
2, 3
What are the prime factors of ((-15)/(-20) - (-593172)/(-16))*(-40)/25?
2, 3, 4943
Let w be ((-8)/1)/(4/10). Suppose -5*k = -3*y - 18, 0*y - 5*y = -5*k + 20. Let j = y - w. What are the prime factors of j?
19
Let j(z) = z**2 - 7*z - 8. Suppose 10*a - 13*a - 21 = 0. Let k be j(a). Suppose 3*p = -n + k, 0 = -3*n - 3*p + 6*p + 258. What are the prime factors of n?
3, 29
Let a = 15126 - -870. List the prime factors of a.
2, 3, 31, 43
Let q(z) = z**2 - 14*z - 7. Let r be q(15). Suppose 3*s = r*s - 715. What are the prime factors of s?
11, 13
Suppose -31*h = -76*h + 43110. What are the prime factors of h?
2, 479
Let n(t) = 7311*t - 4592. List the prime factors of n(7).
5, 7, 11
What are the prime factors of 49715*(-7)/(-245) - 12/(-21)?
7, 29
Let k be (0 - (-9)/5)/((-11)/(-55)). Let y be (-9)/(-12) + 2/((-24)/k). Suppose y = 2*j - j - 203. What are the prime factors of j?
7, 29
Let x(r) = -r**2 + 14*r + 2. Let f(i) = 2*i + 2. Let l be f(6). Let w be x(l). Suppose w*o - 154 = -48. What are the prime factors of o?
53
Suppose -5*y - 97 = -2*u, 173 + 142 = 5*u + 2*y. List the prime factors of (9 - 8)/(((-4)/u)/(-4)).
61
Let u be (4 + 464/(-6))*378/28. Let f = 1128 + u. What are the prime factors of f?
2, 3, 23
Let m = 62937 + -30048. What are the prime factors of m?
3, 19, 577
Let q(o) = -220*o + 8668. List the prime factors of q(0).
2, 11, 197
Let g = -67 - -36. Let b be (0 + (-37)/2)*(g + 33). What are the prime factors of 63/(-18) - (-2)/4 - b?
2, 17
What are the prime factors of (0 - (-176)/6)*(-1352778)/(-868)?
2, 11, 1039
Let f(l) = 6*l**3 + l**2 - 6 - 2*l**3 - 3*l**3 - 4 - 26*l. Let t be f(-5). Suppose 0 = -t*j + 15*j + 660. List the prime factors of j.
2, 3, 11
Let r be -6 + 6/(-5)*5. Let x = -3 - r. What are the prime factors of x?
3
Let m(q) = 3*q**2 - 22*q + 6. Suppose o - 31 = -4*o - t, 0 = 3*t + 12. Let v be m(o). What are the prime factors of (v/(3/1))/((-2)/114)?
19
Let k be (-3)/(-2) + 189/(-6). Let s(x) be the first derivative of -x**2/2 + 12*x + 209. List the prime factors of s(k).
2, 3, 7
Let j be 687*-1*(-3)/(-3). Let o = -423 - j. Suppose z = -f + 96, 3*z - o = 2*f + 3*f. List the prime factors of z.
3, 31
Let h(n) = -52*n + 185. Let m be h(-24). Suppose -9*p + m = -1105. List the prime factors of p.
2, 3, 47
Suppose -274380*p - 709716 = -274397*p. List the prime factors of p.
2, 3, 7, 71
Let v be (-16)/20 - 1/5 - -2015. Let z = v + -1385. List the prime factors of z.
17, 37
Let b = -105577 - -187904. List the prime factors of b.
7, 19, 619
Let v(a) = -419 - 22*a + 110*a - 4*a + 375. List the prime factors of v(12).
2, 241
Suppose 15993 = -277*a + 66961. Let p(r) = -3*r - 3. Let s be p(-2). Suppose s*m - 74 = a. List the prime factors of m.
2, 43
Let x = -89712 + 129420. List the prime factors of x.
2, 3, 1103
Let o(q) = -45*q + 1831. What are the prime factors of o(-92)?
7, 853
List the prime factors of 12/36 - (-69010)/15.
43, 107
Let a = -10125 + 12596. List the prime factors of a.
7, 353
Let f(v) = -69*v - 99. Let o be f(-21). Suppose 3*w = -204 + o. List the prime factors of w.
2, 191
Suppose 2*w = -0*w + 3*w. Suppose w = 19*y - 14945 - 5670. List the prime factors of y.
5, 7, 31
Suppose -168*c + 6064308 + 5803952 = -1758892. What are the prime factors of c?
2, 3, 11, 1229
Suppose 5*l = -a + 18325, -3*l + 10995 = 113*a - 117*a. List the prime factors of l.
5, 733
Let f(v) = -v**2 + 21*v - 2. Let z be f(18). Let d be (-2)/13 - ((-6092)/z - -1). Suppose 0 = -4*u + 232 + d. What are the prime factors of u?
3, 29
Let p(r) = 46*r**2 + 4*r - 2. Let m be p(1). Let o = -73 + m. Let y = 37 + o. List the prime factors of y.
2, 3
Suppose -4*m + 41056 = -4*t + 1148, t = 4*m - 39905. List the prime factors of m.
2, 29, 43
Let m be -2 + ((-5)/(-10))/((-1)/(-4)). Suppose 7*g - 41 - 1 = m. Suppose j + 1093 = g*j + 2*s, 3*s = -3. What are the prime factors of j?
3, 73
Suppose -17*y = 16*y + 26334. Let z = -344 - y. What are the prime factors of z?
2, 227
Suppose 6*d = -3 + 21. Suppose -5*y + u = -8, 5*y - d*u = -4*u + 12. Suppose -x + y*a + 249 = 0, 3*x + a = -a + 747. What are the prime factors of x?
3, 83
Let h(x) = 129*x**3 + x**2 - 16*x + 18. List the prime factors of h(3).
2, 3, 577
Suppose 0 = -4*w - d + 6, -5*w + 3*d - 1 + 0 = 0. Let l be w*-102*(-12 + 4)/8. Let v = 285 - l. List the prime factors of v.
3, 61
Suppose -4*l - 7071 + 355 = -2*b, -2*b - 2*l + 6722 = 0. What are the prime factors of b?
2, 3, 5, 7
Suppose 0 = 5*c + 4*l - 33687, 12*c + l - 2*l = 80870. List the prime factors of c.
23, 293
Suppose -3*a = -x - 26 + 3, -x - a - 11 = 0. Let m(o) = o**3 + 16*o**2 + 14*o - 15. What are the prime factors of m(x)?
181
Let t(y) = 4*y**2 - 2*y - 2. Let r be t(-1). Let o be (16 - 3)*(-3 + r). What are the prime factors of o/(-39)*-291*(-2)/(-2)?
97
Let k = 103 - 98. Let o(b) = 4*b + 5. Let y be o(k). Suppose -33*j = -y*j - 2000. List the prime factors of j.
2, 5
Suppose -24771 = -3*j + 3*u, 13*j - 4*u = 18*j - 41321. What are the prime factors of j?
11, 751
Let l = -178 + 178. Suppose l*y + 1048 = y. What are the prime factors of y?
2, 131
Let s = -9992 - -5400. Let k(x) = -x**3 - 4*x**2 + 8*x + 9. Let l be k(-5). List the prime factors of s/(-21) + -2 + (-8)/l.
2, 109
What are the prime factors of 135720/99 - 11/(-121)?
3, 457
Suppose 3*b - 2*j = -64 + 462, 5*b = -4*j + 678. Let m = -119 + b. Suppose -m = -2*d + 293. List the prime factors of d.
2, 7, 11
Let w be 81/36 + (-6)/(-8). Suppose 0 = 3*s - c - 17, -3*s - 21 = -6*s + w*c. Suppose 0 = s*o - 13*o + 336. List the prime factors of o.
2, 3, 7
Suppose 1192159 = -37*c + 156*c - 1378241. What are the prime factors of c?
2, 3, 5
Suppose -90 = 2*j - 10. Let f = j - -45. Suppose -f*c - 490 = -19*c. What are the prime factors of c?
5, 7
Let h(j) = -j**2 + 25*j - 225. Let y be h(17). Suppose 0 = 4*n + 3*q + 631, -46 = 2*n - 4*q + 264. Let t = y - n. What are the prime factors of t?
2, 17
Let i(f) = -4*f**3 - 14*f**2 - 12*f - 32. Let w be i(-10). Let v = -1840 + w. List the prime factors of v.
2, 53
Let v be 547/1 - (-7)/(-21)*-15. Suppose -3*s + v + 129 = 0. List the prime factors of s.
227
Suppose -3*j + 7*c - 9*c + 20348 = 0, -4*c + 27124 = 4*j. What are the prime factors of j?
2, 3, 13, 29
Let y(l) = -l**3 + 12*l**2 - 17*l - 21. Let a be y(10). Suppose -a*x = -11*x + 1042. What are the prime factors 